t l be (-106)/1*(13 - 14). Let c = 186 - l. Let d = c - 23. List the prime factors of d.
3, 19
Let d(k) = 12*k**2 + k. Let o be d(-7). Suppose -o = 4*t - 1457. List the prime factors of t.
3, 73
Let q(p) be the second derivative of -17*p**4/12 - p**3/6 - p**2/2 + 4*p. Let g be q(-1). Let a = 32 + g. What are the prime factors of a?
3, 5
Let q(a) = 44*a + 6. List the prime factors of q(2).
2, 47
Let i(b) = -7*b - 9. Let j be i(-4). Let m = j + -13. Let c(d) = 2*d + 2. List the prime factors of c(m).
2, 7
Suppose m - 2*m - 4 = 0, -279 = -5*r - 4*m. Let o = 111 - r. List the prime factors of o.
2, 13
Suppose 4*t - 5623 = 3*u, -4*t + 4*u + 1717 = -3911. List the prime factors of t.
2, 701
Suppose -4 = -6*s + 92. Let a be (-58)/(-18) - s/72. Let j(h) = 3*h**2 + 4*h + 2. List the prime factors of j(a).
41
Suppose -5*u - 2915 = -4*q, 423 = -5*q - 2*u + 4042. List the prime factors of q.
5, 29
Let l(m) = 79*m**2 - 6*m - 44. List the prime factors of l(-4).
2, 311
List the prime factors of (-2680)/6*(0 + 78/(-13)).
2, 5, 67
Let t(k) = 2*k**3 - 49*k**2 - 31*k + 42. What are the prime factors of t(27)?
2, 3, 5, 19
Let q(m) = -9*m**2 - 27*m - 77. Let x(n) = -4*n**2 - 14*n - 38. Let r(b) = -3*q(b) + 5*x(b). What are the prime factors of r(-5)?
7, 23
Let s(p) = -2*p**3 + 4*p**2 - 12*p - 31. What are the prime factors of s(-9)?
11, 13
Suppose -4*u - 17 = l, -4*l = -0*l - u - 17. Suppose 5*j = l*n + 465, -j = n - 76 - 25. What are the prime factors of j?
2, 3
Let g(z) = -z**2 + 87*z + 96. List the prime factors of g(51).
2, 3, 7, 23
What are the prime factors of 2 + -28*88/(-16)?
2, 3, 13
Let j(z) = -z**3 + 5*z**2 + 3*z + 2. Let x be j(5). List the prime factors of x/4 - ((-20)/(-16))/5.
2
Let x = -449 + 1126. What are the prime factors of x?
677
Suppose 7*r = 9*r + 14*r. Let b(l) = l**3 - 4*l**2 + 2*l + 1. Let g be b(5). Suppose 2*p - 6*p + g = r. What are the prime factors of p?
3
Let k(f) = f**3 + 11*f**2 + 9*f - 10. Let q be k(-10). Suppose 2*a - 5*r - 183 = q, -11 = 4*a + 5*r - 302. Let o = a + -30. List the prime factors of o.
7
Let i be (-1 - -7) + (1 - 0). Suppose 4*r = 4*k + 40, 0 = -2*r - 3*k + 13 + i. Suppose -3*m + 31 - r = 0. What are the prime factors of m?
7
What are the prime factors of (-12)/(-1) + (602 - 30)?
2, 73
Let b = 64 + -59. Suppose 5*a + 286 = 3*k, -b*a - 53 = -k + 29. What are the prime factors of k?
2, 3, 17
Suppose -7*i + 5*i = -50. Let h = i - -4. What are the prime factors of h?
29
Let d(j) = -j**2 + 4*j. Let p be d(-5). Let w = p + 73. Suppose -4*u + w = -24. List the prime factors of u.
13
Suppose -268 = 2*v + 86. What are the prime factors of 6/(-3)*v/6?
59
Suppose x = -2*x - 2*g + 32, -5*x - 2*g = -48. Let m be ((-6)/x)/((-7)/28). Suppose k + 0*k = n, -m*k + 32 = 5*n. List the prime factors of k.
2
Suppose 22 = 3*d + 4*c - 2, 39 = 3*d - c. Suppose 0 = -5*m + 25, -5*w + m = d - 97. What are the prime factors of w?
2, 3
Let m(j) = j**2 - 2*j. Let b be m(3). Suppose -f - 124 = -b*f. What are the prime factors of f?
2, 31
Let q(d) = 3*d - 7. Let o be q(4). Suppose 5*u - 90 = -3*k + 2*u, o*u - 92 = -3*k. Suppose -4*g = -103 - k. What are the prime factors of g?
3, 11
Let x be 27/(-4)*12/3. Let v be (-2)/6 - 146/3. Let k = x - v. What are the prime factors of k?
2, 11
Let k(z) be the second derivative of -z**5/20 + 11*z**4/12 - 7*z**3/6 - 9*z**2/2 - 3*z. List the prime factors of k(10).
3, 7
Suppose -2*b + 769 = 3*u + 283, 1004 = 4*b - 2*u. Let j = b + -146. List the prime factors of j.
103
Suppose -27 = -3*b + 4*u, -12 = 5*u - u. Let l(f) = f**2 - 10*f - 8. Let v be l(14). Let k = v + b. What are the prime factors of k?
53
Suppose 4*t = -r + 13, 2*r - 4 = 2*t + 2. Suppose 0 = t*k, 0*a + k = a - 114. What are the prime factors of a?
2, 3, 19
Let l(u) = 42*u**2 + 10*u + 19. Let r(t) = -28*t**2 - 7*t - 13. Let q(y) = 5*l(y) + 7*r(y). What are the prime factors of q(3)?
7, 19
Suppose -32*o + 28*o - n = -8165, -n + 1 = 0. List the prime factors of o.
13, 157
What are the prime factors of ((-70040)/(-204))/(1/6)?
2, 5, 103
Suppose -2*i + 75 = -5*q, 3*q - i = -0*i - 44. Suppose 0 = 2*f - 5*r + 10 - 37, -f - 4*r - 19 = 0. What are the prime factors of f - (q + (2 - 1))?
13
Let m = 20 - 20. Suppose -2*h + 2*d - 82 = -3*h, 3*h - 3*d - 237 = m. List the prime factors of 912/h - 6/(-10).
2, 3
Let a = -4 - -2. Let g(h) = 10*h**2 + h + 2. What are the prime factors of g(a)?
2, 5
Let b be 2*1 + 36/3. Let g = b + -10. Suppose g*j - 60 = -j. What are the prime factors of j?
2, 3
What are the prime factors of (-1 - 0) + (45 - -210)?
2, 127
Suppose -31804 = -33*i + 5420. What are the prime factors of i?
2, 3, 47
Let r(n) = -n**3 - 5*n**2 - 4. Let f be r(-5). Let h(y) = -6 + 4*y**2 - 6*y + 0*y**2 - 5*y**2. List the prime factors of h(f).
2
Let m(b) = -b**3 + 11*b**2 + 14*b - 10. Let z be (-98)/(-8) + 1/(-4). List the prime factors of m(z).
2, 7
Suppose -q - 1 = 3*l, 7*q - 3*q + 68 = 4*l. Let u(d) = -15*d + 31. List the prime factors of u(q).
2, 113
Let o(j) = 54*j**2 + 3*j. Let w = -72 + 70. List the prime factors of o(w).
2, 3, 5, 7
Let v = 22 - -59. Let q = -57 + v. What are the prime factors of q?
2, 3
Let d(f) = -f**3 + 4*f**2 + 5. Let y be d(4). Suppose 6*v = 4*v + 20. Let o = y + v. What are the prime factors of o?
3, 5
Suppose -l - 1 = -3, -2*l = -2*h - 6. Let x be (h - 2)*(-3 + 2). Suppose x*o - o - 12 = 0. List the prime factors of o.
2, 3
Let x(w) = -w**2 - 15*w + 39. Let g be x(-17). Suppose g*m - 24 = 171. List the prime factors of m.
3, 13
Let h(t) = -t**3 - 3*t**2 - 7. Let i = -13 - -9. Let z be h(i). Suppose 5*n + 80 = -4*a + z*a, a + 4*n - 31 = 0. What are the prime factors of a?
19
What are the prime factors of 5*-1 + (2013 - (-7 + -17))?
2, 127
Suppose -4*r + 29 - 89 = -4*z, 5*z + 2 = -2*r. Let q = r + 57. List the prime factors of q.
2, 23
Let m(y) = 13*y**2 - 3. Let k be (6/9)/((-1)/3). List the prime factors of m(k).
7
Suppose 0 = 2*s - 3*f - 3, 3*f - f - 6 = 0. Suppose -s*p = -5*p. Suppose 3*q + p*q = 63. List the prime factors of q.
3, 7
Suppose -5*b + 2*b = -5187. What are the prime factors of b?
7, 13, 19
Let u be 11/(-33) - 1312/(-3). Suppose 4*m - 328 = -3*d + d, -5*m = -3*d + u. Suppose -2*t = 5*f - 89, -t - 3*t = 2*f - d. List the prime factors of t.
37
Suppose -3*g - 12 = 0, -2*x + 1485 = 4*g - 109. Suppose -d = -6*d - 2*s + x, -4*s = -20. What are the prime factors of d?
3, 53
Suppose -15*z = -14*z - 463. Suppose h = 5*i + 81, -z = -5*h - 6*i + 2*i. What are the prime factors of h?
7, 13
Let u be (-22)/(-6) - (-1 - (-4)/6). Suppose -u*o - 21 = -7*o. List the prime factors of o.
7
Suppose -5*j + 2601 = 3*h, -h + j = 2*h - 2619. What are the prime factors of h?
2, 109
Let b(t) = 2*t**2 + 10*t - 6. Let c(l) = -5*l - 1. Let p be c(1). List the prime factors of b(p).
2, 3
Let o(i) = i + 20. Let d be o(-20). Suppose 3*s - 189 = -4*a, 4*a - 2*s = -d*s + 174. List the prime factors of a.
3, 5
Suppose -32 = -2*n - 8. Suppose -n*z + 8 = -10*z. Suppose 32 = z*p - 2*p. List the prime factors of p.
2
Let j be ((-2)/4)/(2/12). Let h(g) = -18*g - 11. Let t(v) = -20*v - 13. Let r(i) = 4*h(i) - 3*t(i). What are the prime factors of r(j)?
31
Let u(j) be the first derivative of 17/2*j**2 + 5 + 1/4*j**4 - 12*j - 4*j**3. List the prime factors of u(11).
2, 3
Let f = 1316 - 773. List the prime factors of f.
3, 181
Suppose f + g - 10 = -3, -3*f + 29 = 5*g. Suppose -f*b - 5*z + 236 = -0*b, 2*b - 140 = z. List the prime factors of b.
2, 3
Suppose 6*q - 45 - 63 = 0. What are the prime factors of q?
2, 3
Let v be (-24)/18 + (-2)/3. Let z be ((-24)/16)/(v/12). Let q = z + -2. List the prime factors of q.
7
Let o = 14 - 12. Suppose -o*x - 4 = 0, 32 = 4*c + 5*x - 98. What are the prime factors of c?
5, 7
Let p be (-20)/(-14) + (-66)/154. What are the prime factors of (p - (-4)/(-2))*-2?
2
Suppose 2*j + 8*t - 3268 = 4*t, -3*t + 4899 = 3*j. List the prime factors of j.
2, 3, 17
Let p(n) = -n**3 + 17*n**2 + 37*n - 72. What are the prime factors of p(15)?
3, 311
Let q = -114 - -194. What are the prime factors of q?
2, 5
Let i(q) = q**2 + 2. Let o be ((-4)/(-6))/(1/(-6)). Let z be i(o). Let b = -16 + z. List the prime factors of b.
2
Suppose 3*t - 129 = 9. Let v = t - -17. What are the prime factors of v?
3, 7
Let a = -11 - -69. Let f = -34 + a. W